nder when (-7 - -12)*(-37)/(-5) is divided by 1/(-2) + (-81)/(-6).
11
Suppose 74 - 14 = 4*b + 2*p, -b + 5 = 3*p. Let l(m) = 33*m**2 + m + 1. Let w be (-10)/6 - (-10)/15. What is the remainder when l(w) is divided by b?
16
Let i(h) = h**2 + 12*h + 14. Let r be i(-11). Suppose 0 = 3*a - 0*o + o - 30, 0 = r*a + 5*o - 42. Calculate the remainder when 25 is divided by a.
7
What is the remainder when (-2)/4*(0 - 76) is divided by 8?
6
Let y(s) = 6*s + s**2 + 9 - 3*s + 7*s. What is the remainder when ((-5)/2)/((-2)/20) is divided by y(-10)?
7
Let w(v) = 15*v + 25. What is the remainder when w(5) is divided by 27?
19
Suppose -3*j = -5*z - 4, -5*z + 5*j - 3 = 7. Let n(c) = -c - 1. Let b be n(-2). Calculate the remainder when 5 + ((-2)/b)/z is divided by 2.
1
Let y(c) = -c**2 + 10*c - 13. Let s be y(9). Let z = s - -14. What is the remainder when 39 is divided by z?
9
Calculate the remainder when -3 - (-41)/(-2)*-2 is divided by 13.
12
Let n(c) = -c**2 - 7*c + 7. What is the remainder when 19 is divided by n(-7)?
5
Let h = -11 + 15. Let t = -17 - -19. Calculate the remainder when h is divided by t.
0
Let b = -95 - -143. Calculate the remainder when 92 is divided by b.
44
Let u(r) = -8*r - 7. Suppose 0 = -4*q + 2*q - 10. Calculate the remainder when u(q) is divided by 17.
16
Suppose 2*z - 8 = 0, 0 = -4*y + 4*z - 2*z. Let k = 2 - y. Suppose k = -5*m + 58 - 3. What is the remainder when 31 is divided by m?
9
Let g(t) = -3*t - 1. Let x be 10/(-6) + (-4)/(-6). Let r be g(x). Suppose 0 = -z + 16 - r. What is the remainder when 26 is divided by z?
12
Let n(z) = -z**3 + 7*z**2 - 3*z - 4. What is the remainder when 39 is divided by n(6)?
11
Let h(r) = -17*r + 1. What is the remainder when 205 is divided by h(-3)?
49
Let q = 29 + 5. What is the remainder when 168 is divided by q?
32
Calculate the remainder when ((-33)/(-2))/((-6)/(-8)) is divided by 12.
10
What is the remainder when 38 is divided by 80/((-25)/(-5)) + -3?
12
Let n(p) = -p**3 + 8*p**2 - 10*p + 7. Let m be 1/(3/(-2))*-9. Calculate the remainder when n(m) is divided by 7.
5
Let j = 25 + 3. Let i = j + -42. Calculate the remainder when 4/i + 116/14 is divided by 3.
2
Let m(u) = u**3 - u**2 + u - 1. Let t(i) = -i**3 - 6*i**2 + 2*i - 4. Let s(l) = -2*m(l) + t(l). Calculate the remainder when s(-3) is divided by 23.
20
Let z(m) = m**2 - 14*m + 19. What is the remainder when 28 is divided by z(13)?
4
Let l = -15 - -24. Let j(k) = 3*k**2 + 3*k - 3. Suppose 4*y + 2*u - 8 = 6*u, 3*y = 5*u + 16. What is the remainder when j(y) is divided by l?
6
Let x = -23 - -17. Let i(f) = -f**2 - 10*f - 11. Calculate the remainder when 23 is divided by i(x).
10
Let n(u) = -4*u - 3. Let w be n(-4). Let k = w - -2. Suppose -2*p - r = -k, 2*p - 6*r = -10*r + 30. What is the remainder when 9 is divided by p?
4
Suppose m - 38 - 31 = 0. Suppose -m = -0*z - z - 2*q, 144 = 2*z + 2*q. Calculate the remainder when z is divided by 19.
18
Let z = 20 + 23. What is the remainder when z is divided by (1 + -5)/(2/(-11))?
21
Suppose -1 - 11 = 4*q, -w + 2*q + 24 = 0. What is the remainder when 143 is divided by w?
17
Let h = 13 + -9. Let v be h/6 - (-7)/3. Suppose -v*y + 55 = 2*y. Calculate the remainder when y is divided by 6.
5
Let s(p) = p**3 - 11*p**2 + 10*p + 11. Calculate the remainder when s(10) is divided by 7.
4
Let m = 59 - 7. Calculate the remainder when 15 is divided by m/6 - 10/15.
7
Suppose -7*o + 50 = -97. What is the remainder when o is divided by 11?
10
Let o = -32 + 55. What is the remainder when 68 is divided by o?
22
Let h(z) = z**3 + 7*z**2 + 7*z + 7. Let d be h(-5). Suppose -a = 5*j + d, 2*a - 5*j = -1 + 32. What is the remainder when 4 is divided by a?
1
Suppose -13 = -6*x + 35. Calculate the remainder when 22 is divided by x.
6
Suppose -14 = -v - 4*q, 1 = 4*v - q - 21. Calculate the remainder when v is divided by 3.
0
Suppose -3*y = -2*y. Suppose -u + 46 + 37 = 4*c, -4*c + 2*u + 74 = y. What is the remainder when 59 is divided by c?
19
Let i be (-48)/(-6)*6/8. What is the remainder when 4/i + 40/30 is divided by 1?
0
Let j(d) = 6*d**2 + 2. Let u be -9*(-1 - (-4)/6). Suppose z - 26 = u*p, -2*z + 5*p = -22 - 26. What is the remainder when j(-2) is divided by z?
12
Suppose 176 = u + 3*u. What is the remainder when u is divided by 15?
14
Suppose 7 + 13 = -4*x. Let f(h) be the second derivative of -h**3/6 + 3*h**2 - h. Calculate the remainder when 32 is divided by f(x).
10
What is the remainder when 77 is divided by (-1)/(1*(-5)/100)?
17
Let p = -182 + 400. Suppose 3*r + 65 = 299. Suppose -r = 5*m - p. What is the remainder when m is divided by 15?
13
Let d(w) = -3*w + 1. Let n be (-2)/5 + (-6)/10. Let o(l) = 3*l + 1. Calculate the remainder when o(3) is divided by d(n).
2
Let q be (-1 + 142/6)*6. Calculate the remainder when 49 is divided by (q/12)/((-2)/(-3)).
15
Suppose 0 = 5*w - w - 32. What is the remainder when (-110)/4*(-12)/15 is divided by w?
6
Suppose -39 - 213 = -9*h. What is the remainder when h is divided by 6?
4
Let l(f) = 94*f**3 - f**2 + f - 1. What is the remainder when l(1) is divided by 19?
17
Let d = 1 + 1. Let z(s) = 8*s - 3. Calculate the remainder when 23 is divided by z(d).
10
Suppose -3*q + 2 = -13. Suppose 0*w + 91 = 5*g + w, -w + 72 = 4*g. Calculate the remainder when g is divided by q.
4
Suppose -t = 2*t - 18. Suppose g + 7 - 11 = 0. Calculate the remainder when t is divided by g.
2
Let i = 4 + 6. Suppose 2*x + x - 3*s = 0, 0 = x + 4*s - i. What is the remainder when 3 is divided by x?
1
Suppose 15 = 4*m + 87. Let u be (-330)/(-27) + 4/m. Suppose s - u = 2. What is the remainder when 27 is divided by s?
13
Suppose 4*i = 4*m - m + 60, 0 = -5*i - 5*m + 40. Calculate the remainder when 47 is divided by i.
11
Let n(k) be the second derivative of k**3/3 - 5*k**2/2 - k. Let j(x) = -3*x + 1. Calculate the remainder when j(-4) is divided by n(6).
6
Suppose 9*s - 13*s = -408. Calculate the remainder when s is divided by 21.
18
Let a = -97 - -114. Calculate the remainder when 74 is divided by a.
6
Let q(i) = -26*i. Let m be q(-1). Let s = -17 + m. Calculate the remainder when s is divided by 5.
4
Suppose -5 = -l - 13. Calculate the remainder when (0 - 1)*(-3 + l) is divided by 7.
4
Suppose w = -3*h + 17, 0 = -5*w + 4*h - 3*h + 85. Suppose -12 = 4*a, 0*a + 104 = 2*y - 2*a. Calculate the remainder when y is divided by w.
15
Let f(y) = -y**2 - 13*y - 20. What is the remainder when 34 is divided by f(-8)?
14
Suppose -c + 4*d + 21 = 0, c - 81 + 25 = -3*d. What is the remainder when c is divided by 11?
8
Let g(d) = -2*d**3 + 2*d**2 + 4*d + 10. What is the remainder when 127 is divided by g(-2)?
23
Let g(s) = -7*s**3 + 1. Let f be (-445)/(-15) - (-2)/(-3). Suppose 85 - f = 4*q. Calculate the remainder when q is divided by g(-1).
6
Suppose 0 = -2*q - 8, 4*w - 2 = q + 2. Suppose 9*h - 4*h - 15 = 0. Let g = w + h. What is the remainder when 8 is divided by g?
2
Calculate the remainder when 4/(-4)*-3 - -20 is divided by 12.
11
Suppose t = 3*t - 10. Suppose 240 + 27 = t*v - 4*r, 4*r + 47 = v. Calculate the remainder when v is divided by 14.
13
Suppose 2*m + 28 = -5*a + 118, -5*m = 3*a - 187. Let h = m + -20. Let t = h + 34. Calculate the remainder when t is divided by 17.
15
Suppose -3*d = 2*r - 3, 4*r - 2 = 3*d + 13. Let x be (5 - (-9)/(-3)) + 0. Suppose r = -x*b + 11. Calculate the remainder when b is divided by 3.
1
Let y = 45 + -25. What is the remainder when 38 is divided by y?
18
Let z = -5 - -2. Let t(m) be the third derivative of -m**4/3 - m**3/6 - 2*m**2. Calculate the remainder when t(z) is divided by 12.
11
Suppose 2*f - 9 = -1. Calculate the remainder when 13 is divided by f.
1
What is the remainder when 22 is divided by (20/15)/(2/9)?
4
Let o = 25 - 24. Let u = o - -10. Calculate the remainder when 20 is divided by u.
9
Let g(a) = 2*a**3 + 4*a**2 - 3*a - 1. What is the remainder when g(2) is divided by (-196)/(-16) - 6/(-8)?
12
Let v(f) = f. Let d be v(0). Suppose n + 5*i - 6 = -n, 5*n + 5*i - 30 = d. What is the remainder when n is divided by 5?
3
Let o(w) be the third derivative of 17*w**6/60 - w**5/60 + w**4/24 - w**2. Let p = 4 - 3. What is the remainder when o(p) is divided by 18?
16
Suppose b - 2*k + k = 0, -5*b - 4*k = -9. Calculate the remainder when b is divided by 1.
0
Suppose 3*m - 6*k -